{"id":714,"date":"2011-07-11T13:15:43","date_gmt":"2011-07-11T11:15:43","guid":{"rendered":"http:\/\/www.claudia-klinger.de\/digidiary\/"},"modified":"2024-04-16T23:10:44","modified_gmt":"2024-04-16T21:10:44","slug":"blog-retreat-zum-10-jaehrigen-alle-artikel","status":"publish","type":"page","link":"https:\/\/www.claudia-klinger.de\/digidiary\/blog-retreat-zum-10-jaehrigen-alle-artikel\/","title":{"rendered":"Blog-Retreat zum 10-J\u00e4hrigen: alle Artikel"},"content":{"rendered":"<p>Zum 10-j\u00e4hrigen Bestehen des Digital Diarys hab&#8216; ich mir eine Woche Blog-Retreat geg\u00f6nnt: Nur bloggen, sonst gar nichts! Und ncht nur in einem, sondern in allen f\u00fcnf Blogs, die ich im Jahr 2009 angesammelt hatte. Man kann sich bequem von Beitrag zu Beitrag klicken und so alle mal kennen lernen!<\/p>\n<p>Alsdenn:<\/p>\n<ol>\n<li><a href=\"https:\/\/www.claudia-klinger.de\/digidiary\/2009\/02\/24\/krise-alltag-und-froehliches-getwitter\/\">Start Blog-Retreat: Krise, Alltag und fr\u00f6hliches Getwitter<\/a><\/li>\n<li><a href=\"https:\/\/www.claudia-klinger.de\/digidiary\/2009\/02\/24\/vom-politischen-handeln-und-der-selbsterkenntnis\/\">Vom politischen Handeln und der Selbsterkenntnis<\/a><\/li>\n<li><a href=\"http:\/\/www.das-wilde-gartenblog.de\/2009\/02\/24\/krise-gemuese-fuer-den-eigenbedarf\/\">Krise: Gem\u00fcse f\u00fcr den Eigenbedarf?<\/a><\/li>\n<li><a href=\"http:\/\/www.modersohn-magazin.de\/2009\/02\/24\/natur-als-kunst-tuffstein-in-der-oberbaum-city\/\">Natur als Kunst: Tuffstein in der Oberbaum-City<\/a><\/li>\n<li><a href=\"https:\/\/www.claudia-klinger.de\/digidiary\/2009\/02\/24\/politiker-zum-beispiel-steinmeier\/\">Politiker: Zum Beispiel Steinmeier<\/a><\/li>\n<li><a href=\"https:\/\/www.claudia-klinger.de\/digidiary\/2009\/02\/25\/zehn-jahre-webdiary-und-die-scheu-vor-dem-blick-zurueck\/\">Zehn Jahre Webdiary und die Scheu vor dem Blick zur\u00fcck<\/a><\/li>\n<li><a href=\"http:\/\/www.webwriting-magazin.de\/wieviel-blogs-braucht-der-mensch\/\">Wieviel Blogs braucht der Mensch?<\/a><\/li>\n<li><a href=\"https:\/\/www.claudia-klinger.de\/digidiary\/2009\/02\/26\/finanzkrise-wann-kommt-der-google\/\">Finanzkrise: Wann kommt der Google?<\/a><\/li>\n<li>In Vorbereitung: Chili con Carne (<em>4\/2024: Blog &#8222;Lustgespinst&#8220; gel\u00f6scht<\/em>)<\/li>\n<li><a href=\"http:\/\/www.webwriting-magazin.de\/twitter-vom-raum-zum-schwarm-teil-ii\/\">Twitter: Vom Raum zum Schwarm (Teil II)<\/a><\/li>\n<li><a href=\"https:\/\/www.claudia-klinger.de\/digidiary\/2009\/02\/28\/web-20-ja-verdammt-wo-bleibt-die-rendite\/\">Web 2.0: Ja verdammt, wo bleibt die Rendite?<\/a><\/li>\n<li><a href=\"http:\/\/www.das-wilde-gartenblog.de\/2009\/02\/28\/spaete-fruehblueher\/\">Sp\u00e4te Fr\u00fchbl\u00fcher<\/a><\/li>\n<li><a href=\"https:\/\/www.claudia-klinger.de\/digidiary\/2009\/03\/02\/selbsterkenntnis-bin-ich-da-noch-dran\/\">Selbsterkenntnis \u2013 bin ich da noch dran?<\/a><\/li>\n<li><a href=\"http:\/\/www.modersohn-magazin.de\/2009\/03\/02\/kreuzberg-braucht-seinen-kuehlschrank\/\">Kreuzberg braucht seinen K\u00fchlschrank!<\/a><\/li>\n<li>Zuviel N\u00e4he t\u00f6tet die Erotik (<em>4\/2024: Blog &#8222;Lustgespinst&#8220; gel\u00f6scht<\/em>)<\/li>\n<li><a href=\"https:\/\/www.claudia-klinger.de\/digidiary\/2009\/03\/03\/10-jahre-digital-diary-was-hat-sich-veraendert\/\">10 Jahre Digital Diary: Was hat sich ver\u00e4ndert?<\/a><\/li>\n<\/ol>","protected":false},"excerpt":{"rendered":"<p>Zum 10-j\u00e4hrigen Bestehen des Digital Diarys hab&#8216; ich mir eine Woche Blog-Retreat geg\u00f6nnt: Nur bloggen, sonst gar nichts! Und ncht nur in einem, sondern in allen f\u00fcnf Blogs, die ich im Jahr 2009 angesammelt hatte. Man kann sich bequem von Beitrag zu Beitrag klicken und so alle mal kennen lernen! Alsdenn: Start Blog-Retreat: Krise, Alltag [&hellip;]<\/p>\n","protected":false},"author":1,"featured_media":0,"parent":0,"menu_order":0,"comment_status":"open","ping_status":"open","template":"","meta":[],"post_mailing_queue_ids":[],"_links":{"self":[{"href":"https:\/\/www.claudia-klinger.de\/digidiary\/wp-json\/wp\/v2\/pages\/714"}],"collection":[{"href":"https:\/\/www.claudia-klinger.de\/digidiary\/wp-json\/wp\/v2\/pages"}],"about":[{"href":"https:\/\/www.claudia-klinger.de\/digidiary\/wp-json\/wp\/v2\/types\/page"}],"author":[{"embeddable":true,"href":"https:\/\/www.claudia-klinger.de\/digidiary\/wp-json\/wp\/v2\/users\/1"}],"replies":[{"embeddable":true,"href":"https:\/\/www.claudia-klinger.de\/digidiary\/wp-json\/wp\/v2\/comments?post=714"}],"version-history":[{"count":0,"href":"https:\/\/www.claudia-klinger.de\/digidiary\/wp-json\/wp\/v2\/pages\/714\/revisions"}],"wp:attachment":[{"href":"https:\/\/www.claudia-klinger.de\/digidiary\/wp-json\/wp\/v2\/media?parent=714"}],"curies":[{"name":"wp","href":"https:\/\/api.w.org\/{rel}","templated":true}]}}